{"id":62,"date":"2017-04-01T13:11:31","date_gmt":"2017-04-01T13:11:31","guid":{"rendered":"http:\/\/trbutiken.se\/?page_id=62"},"modified":"2024-11-02T11:42:05","modified_gmt":"2024-11-02T11:42:05","slug":"vannasgym","status":"publish","type":"page","link":"https:\/\/vannasgym.se\/","title":{"rendered":"V\u00e4nn\u00e4s Gym"},"content":{"rendered":"<div data-html-editor-font-wrapper=\"true\">V\u00e4lkomna till V\u00e4nn\u00e4s Gym<br \/>\nEtt fullutrustat nyckelgym i tv\u00e5 plan med stor friviktsavdelning och alla maskiner du beh\u00f6ver<br \/>\nVi finns p\u00e5 V\u00e4stra j\u00e4rnv\u00e4gsgatan 4, 911 34 V\u00e4nn\u00e4s<\/div>\n<div data-html-editor-font-wrapper=\"true\">\u00d6ppettider: M\u00e5n-S\u00f6n 07.00 &#8211; 22.00 (sista insl\u00e4pp 21.30)<\/div>\n<div data-html-editor-font-wrapper=\"true\"><\/div>\n<div data-html-editor-font-wrapper=\"true\">Priser fr.o.m 2024-11-01<\/div>\n<div data-html-editor-font-wrapper=\"true\">12 M\u00e5n 3.850 kr<\/div>\n<div data-html-editor-font-wrapper=\"true\">6 M\u00e5n 2.450 kr<\/div>\n<div data-html-editor-font-wrapper=\"true\">3 M\u00e5n 1.350 kr<\/div>\n<div data-html-editor-font-wrapper=\"true\"><\/div>\n<div data-html-editor-font-wrapper=\"true\">Pension\u00e4r ( 65 \u00e5r ) och sjukpension\u00e4r 2.450 kr f\u00f6r 12 M\u00e5n (g\u00e4ller mellan 07.00 &#8211; 14.00)<\/div>\n<div data-html-editor-font-wrapper=\"true\">Studerande 10 %rabatt \u00a0(g\u00e4ller p\u00e5 12 M\u00e5n)<\/div>\n<div data-html-editor-font-wrapper=\"true\">Familj 10 % (g\u00e4ller familj boende p\u00e5 samma adress och 12 M\u00e5n)<\/div>\n<div data-html-editor-font-wrapper=\"true\">Rabatter g\u00e5r ej att kombineras.<\/div>\n<div data-html-editor-font-wrapper=\"true\">( det finns \u00e4ven m\u00f6jlighet till kortare avtal f\u00f6r t.ex bes\u00f6kande i V\u00e4nn\u00e4s, kontakta oss f\u00f6r mer info)<\/div>\n<div data-html-editor-font-wrapper=\"true\"><\/div>\n<div data-html-editor-font-wrapper=\"true\">F\u00f6r mer info ring Tore 070-345 97 95, Marlene 070-25 26 506<\/div>\n<div data-html-editor-font-wrapper=\"true\">info@traning-rehab.se<\/div>\n<div data-html-editor-font-wrapper=\"true\"><\/div>\n<div data-html-editor-font-wrapper=\"true\"><\/div>\n<p><img loading=\"lazy\" decoding=\"async\" class=\"size-medium wp-image-12 aligncenter\" src=\"http:\/\/trbutiken.se\/wp-content\/uploads\/2017\/03\/Logga-V\u00e4nn\u00e4s-Gym-300x139.jpg\" alt=\"\" width=\"300\" height=\"139\" srcset=\"https:\/\/vannasgym.se\/wp-content\/uploads\/2017\/03\/Logga-V\u00e4nn\u00e4s-Gym-300x139.jpg 300w, https:\/\/vannasgym.se\/wp-content\/uploads\/2017\/03\/Logga-V\u00e4nn\u00e4s-Gym-768x356.jpg 768w, https:\/\/vannasgym.se\/wp-content\/uploads\/2017\/03\/Logga-V\u00e4nn\u00e4s-Gym-1024x475.jpg 1024w\" sizes=\"auto, (max-width: 300px) 100vw, 300px\" \/><\/p>\n","protected":false},"excerpt":{"rendered":"<p>V\u00e4lkomna till V\u00e4nn\u00e4s Gym Ett fullutrustat nyckelgym i tv\u00e5 plan med stor friviktsavdelning och alla maskiner du beh\u00f6ver Vi finns p\u00e5 V\u00e4stra j\u00e4rnv\u00e4gsgatan 4, 911 34 V\u00e4nn\u00e4s \u00d6ppettider: M\u00e5n-S\u00f6n 07.00 &#8211; 22.00 (sista insl\u00e4pp 21.30) Priser fr.o.m 2024-11-01 12 M\u00e5n<\/p>\n","protected":false},"author":1,"featured_media":0,"parent":0,"menu_order":0,"comment_status":"closed","ping_status":"closed","template":"","meta":{"footnotes":""},"class_list":["post-62","page","type-page","status-publish","hentry"],"_links":{"self":[{"href":"https:\/\/vannasgym.se\/index.php?rest_route=\/wp\/v2\/pages\/62","targetHints":{"allow":["GET"]}}],"collection":[{"href":"https:\/\/vannasgym.se\/index.php?rest_route=\/wp\/v2\/pages"}],"about":[{"href":"https:\/\/vannasgym.se\/index.php?rest_route=\/wp\/v2\/types\/page"}],"author":[{"embeddable":true,"href":"https:\/\/vannasgym.se\/index.php?rest_route=\/wp\/v2\/users\/1"}],"replies":[{"embeddable":true,"href":"https:\/\/vannasgym.se\/index.php?rest_route=%2Fwp%2Fv2%2Fcomments&post=62"}],"version-history":[{"count":24,"href":"https:\/\/vannasgym.se\/index.php?rest_route=\/wp\/v2\/pages\/62\/revisions"}],"predecessor-version":[{"id":230,"href":"https:\/\/vannasgym.se\/index.php?rest_route=\/wp\/v2\/pages\/62\/revisions\/230"}],"wp:attachment":[{"href":"https:\/\/vannasgym.se\/index.php?rest_route=%2Fwp%2Fv2%2Fmedia&parent=62"}],"curies":[{"name":"wp","href":"https:\/\/api.w.org\/{rel}","templated":true}]}}